hundreds digit of i?
3
Let x = -7 + 12. Suppose -3 = 4*y + 2*z - 11, -x*y - z = -10. What is the units digit of y/11 + (-372)/(-11)?
4
Let c be ((-18)/2 - -2)*-1*4. Suppose -3*p + c = p. What is the units digit of p?
7
What is the hundreds digit of (-60)/1*5/((-105)/224)?
6
What is the units digit of 2/(-3)*293*(-9)/6?
3
Suppose -2*s - r + 308 = 3*r, 5*s = 3*r + 822. What is the units digit of s?
2
Let n(k) = -k**2 + 6*k + 1. Let g = 0 + 4. Suppose g*i + i - 15 = 0. What is the units digit of n(i)?
0
Let f(g) = 2*g - 12. Let d be f(7). Let m(p) = 2*p**2 - 4*p + 3. Let c be m(d). Let w(j) = 3*j**2 + 3*j - 3. What is the tens digit of w(c)?
3
Suppose -o + 4*i = o - 1096, i + 2178 = 4*o. What is the tens digit of o?
4
Suppose -h + 428 = -2*c - 2753, -5*h + 15940 = -3*c. What is the tens digit of h?
9
Let p(w) = -3*w - 38. Let d be p(-16). What is the tens digit of (-3 - 25)/(d/(-35))?
9
Suppose 0 = 3*d - 14*d - 3047. Let p = 467 + d. What is the units digit of p?
0
Let z = -745 + 1800. What is the thousands digit of z?
1
Let u = 82 + -54. Suppose 4*h - 26 = -2*a + 10, 4*h + u = 2*a. Suppose -2*d + a = -96. What is the tens digit of d?
5
Let a(p) = 137*p**2 - 2*p + 3. Let o(i) = i**2 - i - 1. Let n be o(2). What is the units digit of a(n)?
8
Suppose -16 = -2*n - 5*t, -2*n = -n - 5*t + 22. What is the tens digit of n*1*(-23 - -17)?
1
Suppose 0 = -12*r + 2061 - 10689. What is the units digit of -1*r/3 + (-1)/(-3)?
0
Let r(b) = -5*b**3 + 3*b + 19*b**2 - 13 + 4*b**3 - 10*b**2. Let i be r(9). Suppose 13*n = i*n - 31. What is the units digit of n?
1
Let x = -13 + 15. Suppose -x*m = p - 25 - 27, -10 = 5*m. Let o = 85 - p. What is the tens digit of o?
2
Suppose 0 = -13*a - 21*a + 7548. What is the tens digit of a?
2
Suppose -24*v - 3*h - 1174 = -25*v, 0 = 3*h - 12. What is the units digit of v?
6
Let p be (-5 + 5/((-20)/(-16)))*97. Let q = p + 109. What is the units digit of q?
2
What is the tens digit of (126/24)/(6/664)?
8
Let l(m) be the second derivative of -5*m**3/3 - 3*m**2/2 + 15*m. What is the units digit of l(-5)?
7
Let u = 46 - 49. Let d(o) be the second derivative of o**4/6 + o**3/2 - 3*o**2/2 - o. What is the units digit of d(u)?
6
Let g = -28 - -31. Suppose -g*b + 0 + 501 = 0. What is the units digit of b?
7
Let k be 15/30 + (-5)/(-2). Suppose -k*t = -5*t + 4. What is the units digit of t?
2
Let f = 3288 + 1356. What is the thousands digit of f?
4
Suppose 3333*a - 3325*a - 18360 = 0. What is the units digit of a?
5
Let b = 99 - 98. What is the tens digit of (-7 - -10) + -173*(-1)/b?
7
What is the tens digit of 68/(-51) - (-6920)/15?
6
Let h be ((-936)/45)/(2/(-15)). Suppose 12*n = 8*n + h. Suppose 2*f = -3*f, 3*f + n = b. What is the units digit of b?
9
Let t(v) = -316*v + 16. What is the units digit of t(-2)?
8
What is the hundreds digit of 234143/249 - (-4)/(-3)?
9
Let d(f) = 7*f**2 + 15*f + 8. Let o(a) = -22*a - 16 - 22*a - 20*a**2 - 8. Let g(t) = -17*d(t) - 6*o(t). What is the tens digit of g(-11)?
3
Suppose 0 = -5*l + 10, -4*z - 58*l + 7640 = -56*l. What is the units digit of z?
9
Suppose 0 = -5*m - 2*s + 434, 0*m + 250 = 3*m - 4*s. Let c = -51 + m. Let h = -16 + c. What is the tens digit of h?
1
Suppose 0 = -4*v + 9*v - 145. Suppose -3*s = 5*c - v, -4*c + s = -2*c - 16. What is the units digit of (c/2)/((-4)/(-8))?
7
Suppose -2*f = -k - 5*f + 20, 5*f - 108 = -4*k. Suppose 3*m - k = 7*m. What is the tens digit of -4*(38/m - -2)?
1
Let w(c) = -10*c + 11. Let t be w(-4). Let s be (t/(-1))/3 + 1. Let y = s + 42. What is the tens digit of y?
2
Let n be (1*16/(-20))/((-1)/(-75)). Let y = 62 + n. What is the units digit of y?
2
What is the units digit of ((-39)/(-26))/((-2)/(-96))?
2
Suppose -2*l + 3 = 9. Let d be -1 + -2 + l + 18. What is the units digit of 200/d*(-6)/(-5)?
0
Let d(y) = -115*y + 782. What is the hundreds digit of d(-22)?
3
Let m be -1 + 7 - (-15)/(-5). Suppose 0 = -7*t + m*t. Suppose -o + 17 + 19 = t. What is the tens digit of o?
3
Let s be 0/(0 - -2 - 4). Suppose -i - 9 = -3*p + 10, s = -p + 5*i - 17. What is the units digit of p?
8
Suppose 8970 = 7*p - 1950. What is the tens digit of p?
6
Suppose 4*f = 3*x - 306, 0*f + f - 389 = -4*x. What is the tens digit of x?
9
Let w = 37 + -35. Suppose -w*o + 4*o - 70 = 0. What is the units digit of o?
5
What is the units digit of 2*181 + -10 + (8 - 3)?
7
Suppose 3*v + 212 = 11*k - 10*k, -3*v + 12 = 0. Let p(q) = -q - 1. Let a be p(-1). Suppose -4*t + k = -a*t. What is the tens digit of t?
5
Suppose 0 = 1394*h - 1395*h + 2505. What is the tens digit of h?
0
Let w be (-6)/(-15) - 2/5. Suppose 5*l = -w*l - 3*n + 63, 2*n = 2*l - 38. Suppose l*b - 18 = 12*b. What is the units digit of b?
6
What is the hundreds digit of 757 + 4 + 1 + 1 - -2?
7
Let o = 1735 - 804. What is the hundreds digit of o?
9
Let b be (-12)/(-21) - 2232/(-14). Suppose -4*k = -4*n + 312, -n + 3*k = n - b. What is the units digit of n?
4
Let h = -174 + 304. What is the hundreds digit of h?
1
Suppose 5*p - 1977 = 4*c, -3*p + 3*c = -250 - 938. What is the tens digit of p?
9
Suppose 3*u - 5 = 19. Suppose 2*p + d + 1 - 14 = 0, d = -p + u. What is the units digit of p?
5
Let l = 22 + -17. Suppose -i - 88 = -l*i. What is the tens digit of i?
2
Suppose 0*a = -a + 3. Let x(z) = 38 + 8*z + 8*z**2 - 28 - z**a + 2*z**3. What is the units digit of x(-7)?
3
Let q(p) = 4*p - 14. Let v be q(4). Suppose -8 = 4*a - v*a - 3*h, -30 = -5*a - 5*h. What is the units digit of a/12*(3 - -3)?
1
Let q(h) = h. Let o(k) = k**2 - 5*k - 17. Let a(c) = o(c) + 4*q(c). What is the tens digit of a(-6)?
2
Let j = 28 - 12. Suppose 2*z = 4*z + 5*x - 57, -3*z + 2*x = -38. Suppose z = u - j. What is the tens digit of u?
3
Suppose 5 = -5*u, -2463 = -2*q + 5*u - 0*u. What is the units digit of q?
9
Let n = 23 + -41. Let c be 32/2*(1 + -2). Let b = c - n. What is the units digit of b?
2
Suppose t - 19 = 5*i + 70, -3*i - 2*t - 56 = 0. Let c be 14/3 - 6/i. Suppose f + 2*f - 80 = 2*l, c*f + l - 116 = 0. What is the units digit of f?
4
Let x = 2 + 4. Suppose -q - 5*a = -6*q + 15, 4*q + 18 = -2*a. What is the tens digit of 27 + 1/(q/x)?
2
Let b(t) = -t**2 - 88*t + 39. What is the hundreds digit of b(-55)?
8
Let p(a) = 61*a + 21. What is the units digit of p(4)?
5
Suppose -4*p + 4*d = -32, -4*d - 5 = 2*p + 3. Suppose p*n + 4*r = -n + 74, -3*n = -3*r - 66. What is the tens digit of n?
1
Let a(s) be the first derivative of 5/2*s**2 + 13/3*s**3 + 9 + 4*s. What is the units digit of a(-2)?
6
Let w(g) = -234*g**3 - 2*g**2 - 8*g - 8. What is the tens digit of w(-2)?
7
What is the hundreds digit of 612 + (2 + (-4 - 1) - -6)?
6
What is the units digit of 19908/72 - 7/(-2)?
0
What is the thousands digit of (-3)/(24518/(-4903) + 5)?
4
Let f(d) = -180*d - 169. What is the tens digit of f(-5)?
3
Let x(d) = d**3 - 4*d**2 + 3*d. Let i be x(-4). Let a = -55 - i. What is the units digit of a?
5
Let l(j) = -j**2 - 95*j + 32. What is the hundreds digit of l(-56)?
2
Let h(v) = -4*v**3 + 3*v**2 - 5*v + 3. What is the hundreds digit of h(-4)?
3
Let x be -27*((-168)/(-9) - 3). Let k = x - -749. What is the hundreds digit of k?
3
Let u(o) = -o - 15. Let r be u(-6). Let g be 1 + r + 6 + -4. What is the tens digit of (-51)/(-34)*(-232)/g?
5
Let x = -101 - -743. What is the hundreds digit of x?
6
Let i = -800 + 1326. What is the hundreds digit of i?
5
Let k = 37 - 39. What is the tens digit of 3/k + 69/6?
1
Let c be ((-12)/5)/(2/(-5)). Suppose 9 = -c*z + 39. Suppose -158 = -4*d - d + 3*v, -z = 5*v. What is the units digit of d?
1
Let f(y) = -27*y**3 - 7*y**2 - 6*y - 1. What is the tens digit of f(-3)?
8
Suppose -5*j - 2*b - 3*b - 45 = 0, -2*j - b = 15. Let n be (-2 - (-4)/j)*-3. Suppose -41 = -n*w + 7*w. What is the tens digit of w?
4
Let z = -69 - -74. What is the hundreds digit of (-1)/(z/(-2235)*3)?
1
Let r(j) be the first derivative of j**3/3 + 4*j**2 + 5*j + 5. Let a be r(-7). What is the units digit of (-36)/(-4)*(a + 7)?
5
Let b(w) = -10*w**2 - 4*w + 2. Let a(u) = -9*u**2 - 3*u + 1. Let o(y) = -5*a(y) + 4*b(y). Suppose 6*f - 37 = -55. What is the units digit of o(f)?
1
Let j be (-248 - 1)/3 + 3. What is the tens digit of (-63)/12*j/6?
7
Suppose -6*k + 5963 - 821 = 0. Suppose -3*y - 260 = -k. What is the hundreds digit of y?
1
Let q = -720 + 845. What is the units digit of q?
5
Let 